ate 8 + -3 + -5 + -4.
-4
What is 0 + 2 + 7 + (-20 - -3)?
-8
Evaluate 2 + (7 - 1) + -2 - 3.
3
What is the value of (5 + -2 - 5) + 2?
0
(0 - -1) + -7 + 12 + -8
-2
Evaluate 2 - (3 + 4 + -4).
-1
-4 - -6 - (6 + 2 - 0)
-6
What is 0 - (0 + -6 + 3)?
3
Evaluate 0 - 2 - (-3 + 4 + -7).
4
What is -7 + (-7 - (-5 - 3))?
-6
What is the value of 4 + (-1 - (2 + -2 + 2))?
1
Calculate -22 - -34 - (1 - -10).
1
Evaluate 1 + -1 + (-21 - -13).
-8
What is the value of 1 + -2 + -2 + (7 - -1)?
5
What is 1 + -6 + 9 - 7?
-3
What is the value of 1 + (-11 - -9) + 4?
3
What is 8 + -1 + -7 + -4 - -4?
0
-12 - (-5 - -2) - -13
4
What is the value of -3 + -1 - 0 - (28 + -27)?
-5
What is the value of (5 - -6) + -7 + 0 + -3?
1
What is the value of 1 - -1 - (-1 - 0)?
3
Evaluate 0 - (-3 - 2) - 4.
1
What is -6 - ((-1 - 1) + 2) - 1?
-7
What is 5 + -2 - 4 - (1 - -8)?
-10
Evaluate -2 + (3 - -2) - 1.
2
-3 + -1 + (-4 + 4 - -4)
0
What is the value of -10 - (-13 - (-11 + -1))?
-9
What is the value of -13 + 6 + 6 + -1 + 1?
-1
What is 5 - (-1 - -9 - 3)?
0
What is (-3 - -1) + 5 - -1?
4
(9 - 11) + 8 + -5
1
What is the value of -4 + 5 + 1 - (-1 + 5)?
-2
Evaluate (-6 - 1) + 0 - -12.
5
What is 4 + (0 + 1 - 3)?
2
Evaluate 0 + (-1 - 4) - (-92 + 91).
-4
Evaluate -8 + 13 + (7 - 8).
4
What is (-2 - 0 - 0) + 2 + -2?
-2
Calculate -10 + 10 - (2 + -8).
6
What is -1 - (1 + -8 + 10)?
-4
Evaluate -1 - 0 - (4 + -4 - -3).
-4
Evaluate (-98 - -109) + -1 + -8.
2
Calculate 9 - (8 - 6) - 1.
6
Calculate -6 - (-18 - (4 - 12)) - 15.
-11
-1 + (4 - (-5 + (10 - 3)))
1
What is 3 + -4 - (-1 + 4 + -2)?
-2
Evaluate (0 - 0) + 8 + -10.
-2
Calculate 6 + (-6 - -3) + -4 + -3.
-4
Calculate 0 + 0 + (-3 - (-2 + 0)).
-1
Evaluate -5 - (1 + (-6 - -3)) - -5.
2
What is the value of -1 + -2 + (-1 - -4)?
0
Evaluate (-2 - -1 - 2) + 6.
3
What is the value of 9 + -5 + (-7 - 0) - -3?
0
What is 5 + (-14 - -12 - 8)?
-5
What is the value of 8 + -9 - -6 - 7?
-2
Evaluate 1 + (-6 + 3 + 6 - 3).
1
What is the value of -7 + 10 + -1 + 1 + -7?
-4
What is 6 - 3 - 2 - 4?
-3
(-15 - -16 - 10) + (1 - 0)
-8
-4 - (0 + -18) - 8
6
4 + (-4 - -3) + 1 + 0
4
Calculate 24 - 25 - (0 + -1).
0
Evaluate 1 + (-9 - (-3 + -3 + -2)).
0
What is the value of (-1 - (-2 - -3)) + 1 - 2?
-3
What is the value of -9 - -6 - (2 + (-6 - -2))?
-1
What is the value of (0 - (-3 + 0)) + 1 + -6?
-2
Calculate -6 + -5 + (-8 - -8) + 4.
-7
What is 3 - 1 - (13 - (4 + 5))?
-2
Calculate 3 + (3 + 3 - 10).
-1
-1 - 4 - ((3 - -5) + -8)
-5
Calculate 2 - -1 - (4 + (-1 - -2)).
-2
What is 4 - ((-3 - -1) + 11) - -4?
-1
Calculate 7 + (-1 + 3 - 11).
-2
What is 5 + -3 + (5 - 3) + 0?
4
Calculate 77 - 90 - (1 - 13).
-1
What is the value of 1 - (-2 + -2 - (0 + -8))?
-3
What is -7 + (3 - 1) + 0?
-5
Evaluate 0 + -8 + 3 + 1 + 12.
8
What is the value of (-16 - -15) + -9 + 3?
-7
What is -8 - -14 - (2 + (1 - 1))?
4
-1 + 9 + -13 - 2
-7
-2 - (0 + (-3 + 0 - -5))
-4
Calculate -5 - (-22 - -10) - 1.
6
Calculate 11 - 13 - (-1 + (-3 - -4)).
-2
What is the value of 7 + 0 + (-2 - -3)?
8
What is the value of (-1 - 2 - -2) + -3 + 6?
2
What is -47 - -52 - (0 + 0)?
5
Calculate 5 - (4 + -6 - -5).
2
What is the value of -4 - (-6 + 0 + 1)?
1
Calculate (-5 - -5) + -2 + 1 + -1.
-2
What is (-1 - 7) + -3 + 8?
-3
What is the value of -3 - (-7 + 6 - -5) - 1?
-8
What is the value of 3 - ((2 - 0) + 2 + -1)?
0
What is -9 + 0 + 2 - (32 + -38)?
-1
-7 + -3 - -15 - 10
-5
What is (-2 - -4) + -1 + (-2 - 2)?
-3
Calculate 0 + 1 - (-3 + 7).
-3
3 - 1 - (-6 + 13 + -13)
8
Evaluate 1 + 1 + (2 - (4 + -4)).
4
(-1 - -6 - (5 + 2)) + -5
-7
Calculate 2 + -1 - (-4 - -5 - 1).
1
What is the value of (7 - 1) + (0 - 5)?
1
Evaluate (5 - (4 - 8)) + -6.
3
Evaluate 6 - 6 - -1 - 0.
1
What is -2 - ((0 - 3) + 2)?
-1
Evaluate 5 - (2 + 5 - -3).
-5
What is 6 + 1 + (-4 - (2 + -8))?
9
Evaluate 2 + (-4 - -4 - 2).
0
Calculate (4 - 17) + 8 + 0.
-5
What is (-12 - (-2 + -9)) + 7 + -1?
5
What is 32 + -25 + (-7 - 0) + 3?
3
Evaluate 4 - (-8 + 6 + 1 + 4).
1
What is the value of 8 - ((-6 + 11 - 0) + -1)?
4
What is 1 - -2 - (5 - (-2 - -4))?
0
(-11 - -6) + -2 + 3
-4
What is 9 + (-23 - -12) - -11?
9
Calculate (-4 - (-7 + 4)) + -1.
-2
What is the value of -1 + -1 + 16 + (-16 - -10)?
8
Calculate -1 - 1 - (-20 - -5 - -16).
-3
132 - 136 - (0 - (1 + 3))
0
Calculate -1 + -1 + (17 - 3 - 7).
5
Calculate -9 + (-13 - -16 - 2).
-8
15 + -3 - 8 - (0 - -3)
1
Calculate 4 + -5 + -1 + -2.
-4
Evaluate 14 + (-6 - ((-2 - -5) + -5)).
10
Evaluate 6 + 4 - (14 + -11).
7
Evaluate 3 + 0 - ((1 - 3) + 1).
4
(10 - (6 - 1)) + (-5 - -11)
11
Evaluate (-1 - 4) + (7 - 4).
-2
Calculate 13 + (5 - 8) + -19.
-9
Calculate -5 - (5 + -4) - (-18 - -6).
6
Calculate 1 - (4 + -2) - 0.
-1
What is the value of (-5 - 6 - -7) + 5?
1
What is 2 - 0 - (11 - 4)?
-5
What is the value of (5 - (-4 - -9)) + 1?
1
-11 - (-13 - (8 - 11))
-1
Evaluate (-8 + -4 - (-5 - -1)) + -3.
-11
Calculate 1 + (-6 - -1) + 12.
8
Calculate 2 + (-7 + -1 - (-19 - -14)).
-1
-2 + 1 + -9 + 3 + 7
0
Calculate (-7 - -6) + (0 - -4) - 7.
-4
Evaluate 4 - ((-1 - (6 + -4)) + 3).
4
Calculate 4 - (6 + -2 + 0).
0
What is -3 + 1 + -3 + 3?
-2
Calculate -1 + (-1 - (1 + -3 - 2)).
2
Evaluate 10 + (3 - (10 - 1)).
4
0 + 1 - (5 - 1)
-3
Evaluate 5 + 0 + (2 - (12 - 10)).
5
Calculate (1 + -4 - -5) + 1 + -5.
-2
What is -2 + 5 + -4 + 1?
0
Evaluate 8 - 8 - (1 - 1).
0
Evaluate -4 + 8 - (1 - 2).
5
What is the value of 3 + 2 + (-5 - -1)?
1
Calculate 1 + 5 + -4 - 2.
0
-2 + -2 + 2 + -2
-4
What is 4 + -6 + 1 + (-8 - -2)?
-7
Evaluate 0 + 9 + -3 + 12 + -11.
7
What is -8 + (3 - 1) + 1 + 1?
-4
What is the value of 1 + (-2 - 0) - (229 + -231)?
1
What is the value of (1 + -3 - 6) + 5?
-3
-3 + 2 + -1 + -3
-5
What is 23 + -13 - (13 - 3)?
0
0 - (-6 + -1 + (-3 - -6))
4
-1 + 0 + -3 + 10 + -3
3
Calculate 7 + (-10 - -4) + 7.
8
1 + -4 - (7 + -11)
1
0 + -1 + 1 + -9 + 9
0
2 + -4 + 1 + (31 - 31)
-1
What is 6 + -1 + 51 + -59?
-3
What is the value of 1 - (2 - ((-6 - -4) + 1))?
-2
What is the value of 1 + (-4 - -10) + -4 - 1?
2
Evaluate (3 - (13 + -15)) + -15.
-10
What is the value of (-5 - 1) + (17 - 17)?
-6
Calculate -2 + (-10 - (-12 + 2)).
-2
Evaluate (8 - 7) + 2 + 1.
4
What is the value of -5 - (3 + (0 - 3))?
-5
What is 1 + (0 - 0) - (1 - 5)?
5
What is the value of (-12 - (-2 + -4)) + 1 + 3?
-2
What is the value of (-2 - -1) + 2 + 0 + 3?
4
Evaluate 7 + -15 - -2 - -5.
-1
What is the value of (-6 - -1) + (5 + -10 - -6)?
-4
Calculate -5 - (-1 + -3 - -3).
-4
What is the value of -5 + 5 - (0 - -2 - -1)?
-3
What is the value of (-4 - -8 - -2) + 1?
7
What is -2 + 5 - (-2 - -9)?
-4
What is 5 + (-2 - -1) + 4 + -6?
2
2 - 9 - (-6 + 7 + -2)
-6
What is the value of (-1 + -3 - -10) + -5 - 1?
0
2 + -10 - (1 + -4)
-5
Calculate 2 + 2 + -7 + -6 + 9.
0
Evaluate -10 + 20 - (3 - (4 - 4)).
7
Calculate -2 - (-4 + -3 + 6 + -1).
0
Evaluate 18 + -33 + 12 + (-3 - -1).
-5
1 + (4 - 3) + (1 - 5)
-2
Calculate -7 + 1 + 2 + -1 + 6.
1
What is the value of 4 + 0 - 3 - -3?
4
Evaluate (-6 - -4 - 2 - -4) + 4.
4
What is 0 - 1 - (-1 + 1)?
-1
What is the value of -8 + 7 - (1 - (-1 - -6))?
3
What is 8 - 1 - (-11 + 15)?
3
Calculate 2 - (-1 - (3 + -3)).
3
Calculate 0 + (0 - 3) - (6 + -6).
-3
Evaluate -3 - (4 + -9) - (11 - 3).
-6
Evaluate -4 + -2 + (-2 - -4) + 12.
8
What is the value of 1 - (2 + -4 - -8)?
-5
What is the value of -5 + 4 + (2 - -2)?
3
What is 6 + 13 + -5 + -6 - 7?
1
What is -2 + (-5 - -14) + 1 - 7?
1
Calculate -9 + (9 - 9) - -7.
-2
What is the value of (-23 - -10 - -12) + 8?
7
What is the value of 16 + -7 + -19 - (-1 + -2)?
-7
4 - 1 - (-28 + 33)
-2
Calculate 5 - -1 - (-1 + 15).
-8
Calculate (3 + -1 - 1) + (-1 - -5).
5
7 + -4 - 7 - -3
-1
Calculate 0 + 8 + -4 + 1.
5
What is 32 + -20 - 6 - (1 - -4)?
1
Evaluate (-12 + 2 - (-3 - -1)) + 1.
-7
-1 - 3 - -6 - -4
6
Calculate -11 - (-1 - (8 - 4)).
-6
What is -4 + -7 + 11 + 6 + 1?
7
(-7 - -10) + 2 - (0 - -3)
2
Calculate (17 - 8) + 2 + -1.
10
-9 - (2 + -3) - (-22 - -18)
-4
Evaluate 2 - (3 - (1 - (0 - 4))).
4
What is 4 - 3 - (-2 - -2) - -1?
2
Calculate (-5 - 8) + 8 - -16.
11
Evaluate 1 + (-5 - 5) + 5.
-4
Calculate -6 + 2 + 6 + 1 + -1.
2
What is the value of -4 - 0 - (-7 - -5)?
-2
0 - 0 - (-4 - -5)
-1
Evaluate (-3 - 3) + -12 + (6 - -1).
-11
Calculate -2 - 0 - 2 - (-94 - -89).
1
What is the value of (17 - (1 - 7 - -10)) + -6?
7
25 - 31 - (0 - 6)
0
What is 0 + 0 + 0 + 0?
0
Evaluate (1 - 8) + (12 - (-6 + 8)).
3
W